mine d(u).
1
Let a(r) = -3*r**3 - 5*r**2 - r - 6. Let u(x) = -8*x**3 - 15*x**2 - 4*x - 17. Suppose 6*b + 3 = 9*b. Let m = -3 - b. Let j(y) = m*u(y) + 11*a(y). What is j(6)?
-4
Let c(d) = -d**2 + d + 1. Let b(u) = -u**2 + 5*u - 4. Let v(j) = -b(j) + 2*c(j). Calculate v(-6).
-12
Let u = -134 + 132. Let r(q) = 3*q + 1. Determine r(u).
-5
Let t(h) = -h**3 - 5*h**2 + 8*h + 9. Let u be t(-6). Let i be 1/(u*3/(-45)). Suppose -i*z + 6*z = 0. Let p(l) = l**3 + l. Calculate p(z).
0
Let n = 19 - 2. Let a = 11 - n. Let t(j) = -j - 8. Calculate t(a).
-2
Let k(i) be the first derivative of -7/3*i**3 + 7/2*i**2 + 6 + 0*i + 1/4*i**4. Calculate k(6).
6
Suppose m = -5*n + 6, 10 + 6 = 2*n - 3*m. Let p = n + 0. Suppose p*z - 12 = -0*z - 5*v, 0 = -3*z - 4*v + 11. Let c(j) = -j + 1. What is c(z)?
0
Suppose 5*q = 3*q - 2. Let y be (0 - 1)*(q - -6). Let v(z) = -z - 1 - z - 5. What is v(y)?
4
Let n(x) = x**3 + x**2 - x - 8. Let w(f) = f**3 - 8*f**2 - 8*f - 9. Let h be w(9). Give n(h).
-8
Let t(x) = -x**2 + 14*x + 18. Let s be t(13). Let c(n) = s + 3*n**2 - 2*n**3 - 3*n**2 - 30 + n. Let y = -2 - -1. What is c(y)?
2
Let p(c) be the first derivative of -c**4/4 + 4*c**3/3 - c**2/2 + c + 10. Give p(4).
-3
Let b = -19 + 32. Suppose 5*k - 22 = b. Let f(u) = -u**2 + 6*u + 2. What is f(k)?
-5
Let y(z) be the second derivative of -z**3 - z**2/2 + z. Let o be 0 - (-3 + 8) - -4. Give y(o).
5
Let x be (-4)/(-2 - (-6)/4). Suppose x + 12 = 4*t. Let y(l) be the first derivative of l**3/3 - 5*l**2/2 + 5*l - 3. Calculate y(t).
5
Let f(u) = -u**3 + 6*u**2 - 4*u - 6. Suppose 0 = -4*q - q + 30. Let i = 11 - q. Give f(i).
-1
Let n = -61 - -63. Let k(i) be the first derivative of i**2 + n*i - 2/3*i**3 - 1 + 1/4*i**4. What is k(2)?
6
Let x(i) be the second derivative of i**4/12 + 3*i**2/2 - 11*i. Determine x(0).
3
Let q be -1 - (-2 + 1) - -2. Let j(r) = 0*r - r**2 + r**3 + 0*r**2 - 1 - 2*r - r**q. Calculate j(2).
-5
Let f = 6 + -6. Suppose f = -n - k + 3, 0 = 3*n + k - 15 + 4. Let o(r) = 2*r**3 - r**3 - r**2 + r**3 - 3*r**3 + n*r + 2. Give o(-3).
8
Let n = 9 - 6. Let i(o) = -14*o**2 + 25*o + 20. Let q(s) = -5*s**2 + 9*s + 7. Let j(z) = -4*i(z) + 11*q(z). Determine j(n).
3
Let x(f) = 11 - 4 + 4*f - 3*f. Let h be x(-6). Let r(c) be the third derivative of c**4/6 + c**2. Calculate r(h).
4
Let o(b) = -4*b - 13. Let c(j) = 3*j + 12. Let i(s) = 6*c(s) + 5*o(s). What is i(5)?
-3
Let k(m) = m**2 - 8*m - 10. Let b be k(9). Let h be 4 + (b/(-1))/1. Let q(w) = w**2 - 5*w + 4. Determine q(h).
4
Suppose 3*k - m - 19 = 0, 0*m - 15 = -3*k + 3*m. Suppose k*z - 2*z = 0. Let q(t) = 1 - 2 + t**2 + t - 2. Determine q(z).
-3
Let c(l) = 6*l. Suppose -10*n = -11*n + 1. Calculate c(n).
6
Let v(w) = 4 - 3 - 5*w + 0. Let o(a) = a**3 - 10*a**2 - a + 14. Let p be o(10). Suppose -5*m + p*z + z + 10 = 0, 0 = -2*m + 4*z + 4. What is v(m)?
-9
Let c = -21 + 16. Let d(p) = -p**2 - 2*p - 1. Determine d(c).
-16
Let b(s) = 2*s**2 - 8*s + 6. Let c(n) = -n**2 + n. Let r(u) = b(u) + 3*c(u). Calculate r(-6).
0
Let d(s) be the third derivative of 1/40*s**6 + 0*s - 2*s**2 + 0 + 0*s**4 + 0*s**5 - 1/6*s**3. What is d(-1)?
-4
Let v(u) = -11 - u**3 + 5 - 4*u**2 + u + 5*u. Determine v(-5).
-11
Let l(p) = -p**2 - 6*p + 1. Let d = -40 - -33. Give l(d).
-6
Let v(j) = j + 7. Suppose -3*q = -2*q + 2. Let k be 0/(q - (-3 - -2)). What is v(k)?
7
Let n be (8/3 - 2) + (-2)/3. Let y(d) = -d + 4. Determine y(n).
4
Let b(t) = -2*t + 3. Let h(n) = -n**3 - 3*n**2 - 3*n - 3. Let o be h(-2). Let q be (6/18)/(o/(-6)). Let d be (-63)/(-12) + q/(-8). Determine b(d).
-7
Let f(o) = 11*o + 32. Let j(n) = 7*n + 21. Let w(s) = 5*f(s) - 8*j(s). Let l = -3 - -3. Let q = -4 - l. Determine w(q).
-4
Let j(u) = u**2 - 6*u - 1. Let f(s) = 2*s - 15. Let p be f(10). What is j(p)?
-6
Let c(q) = -q - 2*q + 8*q - 3. Give c(2).
7
Suppose 0 = -2*d - 4 + 2. Let n be (d/2)/((-3)/12). Let q(k) = -k - k**2 - 2 + 6*k - 2*k. Determine q(n).
0
Let h(p) = -3*p - 3. Suppose -4*a + 8 = -0*a. Let o be (-3 - (a - 2)) + 1. Give h(o).
3
Let d(v) = 4*v**2 + 2. Suppose 0 = -q + 3*m - 17, -20 = -m - 3*m. Calculate d(q).
18
Suppose 56 = 2*g + 64. Let p(s) = s**3 + 4*s**2 - 6*s - 1. Calculate p(g).
23
Let l(w) = 2*w**3 + 1. Let q = 19 + -12. Suppose 0 = 4*z + u + 6, -z + 3*u + u = -q. Determine l(z).
-1
Let p(l) = -4 + 6*l - 2*l**2 - 4*l**3 + 5*l**3 - 4*l**2. Let r(v) = v + 10. Let z be r(-5). Determine p(z).
1
Let u be 6/24*-1 + 11/(-4). Let i(a) = a**3 + 3*a**2 - 2*a + 2. What is i(u)?
8
Suppose 2*w = -0*w. Suppose -4*x - 6*l = -l - 45, w = 5*x - 4*l - 5. Let z(n) = n**3 - 4*n**2 - 5*n - 1. Give z(x).
-1
Let v(g) = -g**2 - 6*g - 7. Let m be v(-3). Let u(a) = 0*a**2 + 4*a - 2 - 2*a**2 + a**2. Calculate u(m).
2
Let i(v) be the first derivative of -2 - 2*v**2 + 0*v - 5/3*v**3 - 1/4*v**4. What is i(-4)?
0
Let a = 14 + -12. Let y(o) = -o**3 + o**2 - 3*o + 1. What is y(a)?
-9
Let d be (-1*(-8)/6)/((-72)/(-108)). Let n(l) = l**2 - 2*l + 3. Give n(d).
3
Let q(n) = 2*n**2 + 3*n - 3. Let y(i) be the third derivative of i**5/20 + i**4/12 - i**3/3 + 3*i**2. Let h(f) = 2*q(f) - 3*y(f). Calculate h(1).
-5
Let u(z) = 8*z**3 + 2*z**2 - 1. Let r be (4/6)/((-10)/(-75)). Let p(v) = -v + 6. Let q be p(r). Calculate u(q).
9
Let r = -23 + 24. Let c(t) = -28*t**3 + 7*t**2 + 3*t + 7. Let a(b) = 9*b**3 - 2*b**2 - b - 2. Suppose -15 + 1 = 2*n. Let p(s) = n*a(s) - 2*c(s). What is p(r)?
-6
Let w(x) = x**2 - 5. Let a(v) = -4*v**2 + 20. Let c(n) = -2*a(n) - 9*w(n). What is c(0)?
5
Let p(t) = t + 1 - 3*t**2 + 4*t**2 + 0. Suppose 2*x = -4*u - 2 + 22, -5*u = -5*x - 25. What is p(x)?
1
Let r(l) = l**3 - 3*l**2 - 2*l - 5. Let d be r(4). Let v(q) = -2*q**2 + q**2 + 1 - q + 2*q**3 - d*q**3 - 3. Give v(0).
-2
Let i = 22 - 20. Let s(t) = -t**2 + t - 1. Determine s(i).
-3
Let t(v) = v**3 + 4*v**2 + 2*v + 1. Let w be t(-3). Let q = 10 - w. Let j(o) = -o**2 + 7*o - 5. Give j(q).
1
Suppose -2*h + 2 + 4 = 0. Let o(q) = -1 + 0*q - 3*q + q + q**2. Calculate o(h).
2
Let n(s) be the first derivative of s**4/4 + 4*s**3/3 - 3*s**2/2 + 6*s - 2. Let m be (1 - 0) + -3 + 2. Suppose -4*f + 2*u - 6 = 12, m = u + 1. Calculate n(f).
-4
Let k(y) be the first derivative of 2 + 1/2*y**2 - y**3 + 0*y. Let w(b) = -5*b**2 + 3*b + 1. Let d(h) = -7*k(h) + 4*w(h). What is d(-5)?
4
Let a(u) = -u**2 + u. Let z = 0 - -2. Let j(k) = 4*k - 1. Let x be j(z). Let b(r) = -r + 9. Let t be b(x). What is a(t)?
-2
Let m = 1 + -2. Let i = m - -6. Let r(l) be the second derivative of -l**3/6 + 7*l**2/2 - l. Determine r(i).
2
Let o = 9 - 4. Let b(g) = 1 + 8*g - 5*g + o. Give b(-4).
-6
Let z(k) = -k**3 + 5. Let x be z(0). Suppose 0 = 2*t + t - 3*g, 2*t + x = 3*g. Let c(d) = 2*d - 4. What is c(t)?
6
Let a be (-3 - 0) + 0 + -1. Suppose -29 = 4*g - 5*y, -4 = -2*g - y - 1. Let k(r) = 1. Let z(u) = 2*u + 7. Let f(l) = g*z(l) + 5*k(l). Calculate f(a).
6
Let u(p) be the second derivative of 1/12*p**4 + p**2 + 2*p + 0 - 1/6*p**3. Suppose 8 = 4*s - 0. Calculate u(s).
4
Let r(c) be the third derivative of 0*c + 0 + 1/120*c**6 + 1/12*c**4 + 1/6*c**3 + 1/20*c**5 - 10*c**2. Calculate r(-3).
-5
Suppose -12 = 6*w + 12. Let i(v) = 7 - 1 + v + v - v. What is i(w)?
2
Let p(l) = -l - 2. Let q = 4 - 2. Let s be q - (8 - (-3 - -2)). What is p(s)?
5
Let y be 4/(-6) + 20/3. Suppose -4*h + 7*h + y = 0. Let i(g) = -5*g**2 + 2*g - 1. Let r(s) = -14*s**2 + 6*s - 2. Let b(j) = 11*i(j) - 4*r(j). Determine b(h).
5
Let w = 22 - 31. Let r(j) = 2*j + 11. What is r(w)?
-7
Let v(n) = n**3 + 3*n**2 - 6*n - 1. Let j be (1 + -1)*(-3 - -2). Suppose j = -i + 3 - 0. Suppose -3*y + d - 1 - 6 = 0, -13 = -i*y + 5*d. Give v(y).
7
Suppose 3*p = 2*z - 19, p + 0*z - z = -8. Let y(l) = -2*l - 2. Determine y(p).
4
Let v(x) = 6*x**2 + 2*x - 1. Let b(h) = -h**2 - 1 + 2*h**2 + 10*h - 11*h + 0*h**2. Let q(a) = -5*b(a) + v(a). Let o be 26/(-8) - (-2)/8. What is q(o)?
-8
Let z(c) = -6*c**3 + 8*c**2 + 2. Let d(g) = -5*g**3 + 7*g**2 + g + 1. Let k(y) = -5*d(y) + 4*z(y). What is k(4)?
-1
Let m be (0 + -1)*(-132)/4. Let s be m/(-12) + 1/(-4). Let d(v) be the third derivative of -v**6/120 - v**5/30 + v**4/12 - v**3/3 + v**2. Give d(s).
1
Let t = -1 + 1. Let s(z) = -3*z - z**2 + 5 + 2*z - 5*z + t. Give s(-6).
5
Let h(v) be the third derivative of -v**6/120 - v**5/20 - v**4/24 - v**3/6 + 3*v**2. Suppose 2*r = -4*m, 4*m + 3 = 3*r +